ctors of i(-27)?
2, 167
Suppose 0 = -11*l + 151 - 1658. Let p = 958 + l. What are the prime factors of p?
821
Suppose 3*p + p - o = 377, -183 = -2*p - 5*o. Suppose 0 = -4*c + p + 1306. List the prime factors of c.
2, 5, 7
Let w = 718 - 454. Suppose 1430 = 5*d - 3*h, -w = -d + h + 4*h. List the prime factors of d.
17
Suppose q - 4*s - 689 = 0, -4*s + 1894 = 2*q + 516. Suppose -2*j + 5*a = -j - q, -2*j + 5*a = -1388. What are the prime factors of j?
3, 233
Suppose g = 24 - 4. Suppose -g - 25 = -5*z. Suppose z*w - 136 = 7*w. List the prime factors of w.
2, 17
Let x(v) = -8*v + 0*v + 8*v - v**3 - 4*v - 32 - 6*v**3. List the prime factors of x(-5).
863
Let p = -69 - -26. Suppose -x = -2*i + 35, 4*i + 60 + 56 = -4*x. Let j = x - p. What are the prime factors of j?
2, 3
Let b(r) = -620*r. Let m be 9/(-1 - 2) + 1. What are the prime factors of b(m)?
2, 5, 31
Let r be 2/(4 - (-154)/(-39)). Let i = -36 + r. Suppose 2*s + t = -i*s + 675, -t - 549 = -4*s. What are the prime factors of s?
2, 17
Let g be 2/(-23) - ((-326)/46 + 5). Suppose 3*s - g*s = 248. What are the prime factors of s?
2, 31
Let r = -2035 - -18269. List the prime factors of r.
2, 8117
Let r(a) = -5452*a - 2147. List the prime factors of r(-6).
5, 6113
Suppose -4 = 2*d, -2*o - d + 11 + 3 = 0. Let s(u) = -u**3 + 8*u**2 - 4*u + 6. Let i be s(o). Let w = -17 - i. What are the prime factors of w?
3
Suppose 25*z - 39*z + 42 = 0. Suppose -r - 5*m + 14 = -129, -z*r + 477 = -m. What are the prime factors of r?
2, 79
Let c(m) = -m**2 - 4*m + 2. Let b be c(-3). Suppose 0*j + 5*j - 8735 = 5*z, b*j - 1763 = z. What are the prime factors of (2/(-3))/(14/z)?
83
Let z(v) = v**2 - 6*v + 26. Suppose -5*r = -b - 13, r = 4*r - 6. Let l be (-4 - -4)*((-7)/(-2) + b). List the prime factors of z(l).
2, 13
Suppose -3*t + 201 = -2*h, -2*t - 2*t + 251 = 3*h. Suppose 5*s - t = -0*s. Suppose 10*r - s*r + 237 = 0. What are the prime factors of r?
79
Suppose s - 4*s - 4*n = -3135, -2*s + 3*n + 2073 = 0. Suppose -3*k + 6396 = s. What are the prime factors of k?
3, 5, 7, 17
Let q(c) = -2*c**3 + 154*c**2 + 117*c - 75. List the prime factors of q(77).
2, 3, 1489
Let n(c) = 134*c + 3355. What are the prime factors of n(91)?
3, 71, 73
What are the prime factors of 9746 + (-19 - (-84)/14)?
9733
Let j = -186 + 180. Let t(b) = -b**3 - 6*b**2 - 6*b + 20. List the prime factors of t(j).
2, 7
Let o = -75 + 125. List the prime factors of (-498)/15*o/(-5).
2, 83
Suppose -4*r - 4724 = -5*x, -x + 6699 = -4*r + 1975. Let s = 2405 + r. What are the prime factors of s?
2, 3, 17
Let s(w) = 23*w**2 + 20*w + 40. Let v be s(-7). Suppose 1015 = f + 2*a, 16*f - 15*f - v = 4*a. List the prime factors of f.
1019
Let z(b) = -10*b - 83. Let y be z(-27). Let c = y - 162. What are the prime factors of c?
5
Suppose 55 + 53 = 6*x. List the prime factors of (-8)/(-2 + x)*-932.
2, 233
Suppose 1 = -v - 4, 2*v = 3*c - 943. Suppose g = -2*r + c, 314 = g - 0*g + r. What are the prime factors of g?
317
What are the prime factors of -1*((-1118200)/20 - -20)?
2, 3, 5, 23
Let p(o) = 2*o**2 - 25*o + 14. Let v be p(12). Suppose 6*w = -v*w + 24. Suppose -w*i = -191 - 79. List the prime factors of i.
2, 3, 5
Let m(q) = 28*q**2 - 20*q - 1. Let a be m(-8). Let w = -1261 + a. List the prime factors of w.
2, 3, 5, 23
Let l be (66 + -65)*(-10)/4*-2. What are the prime factors of l*(0 - 6 - -37)?
5, 31
What are the prime factors of 2 + (185776/48)/((-6)/(-18))?
3, 7, 79
Suppose -4*g - 3402 = -5*g. Suppose 3*n - 2*o = g, n - 34*o - 1139 = -35*o. What are the prime factors of n?
2, 71
Let i = -35786 + 60692. List the prime factors of i.
2, 3, 7, 593
Suppose -3*d - 45622 = 5*v - 10*v, 3*d = 3*v - 27378. List the prime factors of ((-275)/30 - -9) + v/12.
2, 5, 19
Let z(h) = h**3 + 17*h**2 - 23*h + 4. Let l(g) = 438*g + 1 - 28 - 437*g. Let u be l(9). List the prime factors of z(u).
2, 47
Suppose -163*z + 162*z = -2. What are the prime factors of z/(8/1372) + (-1)/1?
2, 3, 19
Suppose -5 = 5*a, 2*c + 5*a = -c + 19. Let m(h) = h**2 - 7*h + 21. Let k be m(c). Let z = k + 104. List the prime factors of z.
7, 19
Let t = 7 + 16. Suppose 0 = t*i - 20*i + q - 420, i = 3*q + 130. List the prime factors of i.
139
Suppose -17*d + 14*d + 1956 = 0. Let c = 1213 - d. What are the prime factors of c?
3, 11, 17
Suppose 6*u + 156 = 126. Let l = u + 127. List the prime factors of l.
2, 61
Let p(m) = 190*m - 312. Let d(u) = 38*u - 62. Let t(y) = 11*d(y) - 2*p(y). List the prime factors of t(8).
2, 3, 41
Let n(x) = 169*x - 653. What are the prime factors of n(13)?
2, 193
Suppose 2*h = -3*c + 19, -3*c - 5 - 1 = -3*h. Suppose -4*l + i = -i - 2196, 0 = i - 2. List the prime factors of l/(-15)*c/(-1).
2, 5, 11
Suppose -2*l = -0 - 10, -19794 = -f + l. List the prime factors of f.
13, 1523
List the prime factors of 30951375/4095 + 1 + (-1 - 2/6).
2, 3779
Let i(a) be the second derivative of -41*a**3/6 + 3*a**2 - 32*a. Let n be i(2). Let b = n - -103. List the prime factors of b.
3
Let g be 10/((6 - 11)/(-2015)). Suppose -3*p - g = -5*o - 4*p, p = -o + 806. List the prime factors of o.
2, 13, 31
Suppose 112*p + 289960 = 117*p - 3*n, -3*p + 173962 = n. What are the prime factors of p?
103, 563
Let f = 2430 + -927. List the prime factors of f.
3, 167
Let u(z) = 3*z**2 - 3*z + 2. Let s be u(2). Suppose 3*f - 4*f = -3. Suppose f*g = 83 - s. What are the prime factors of g?
5
Suppose 0 = 8*h - 5 - 11. Suppose 3*p = -h*d - 2*p + 36, -5*p = -4*d + 42. Suppose 0 = d*x - 20*x + 336. What are the prime factors of x?
2, 3
Let d(u) = -u**3 - 5*u**2 - 3*u + 4. Let i be d(-4). Let a be (i/(-7))/(1 - 0). Suppose -2*y = -a*y - 218. What are the prime factors of y?
109
Let a(k) be the third derivative of 5*k**4/8 - 5*k**3/2 + 13*k**2 - 3*k. What are the prime factors of a(15)?
2, 3, 5, 7
Suppose 5*b = r + 85093, 0 = -b + 626*r - 627*r + 17015. List the prime factors of b.
2, 67, 127
Let z = -2340 + 3471. Suppose 31*k - 44*k = -z. What are the prime factors of k?
3, 29
Suppose -2*a = 3*d - 365, 19*d - 18*d + 5 = 0. What are the prime factors of a?
2, 5, 19
Suppose -13*s + 1639 = -25. Let c = s + -106. What are the prime factors of c?
2, 11
Suppose -51 - 59 = -g. Let r = 4 - g. Let x = 200 + r. What are the prime factors of x?
2, 47
Suppose 2*i + 18 = 3*i + 4*n, 3*i - 4*n - 38 = 0. Suppose i*d = -16*d + 4980. List the prime factors of d.
2, 83
Suppose -1268 = 3*z + 4*v - 66234, z - v = 21653. List the prime factors of z.
2, 3, 401
Suppose 0 = 2*s - 5*y - 3948 - 2775, -4*y = -4*s + 13440. List the prime factors of s.
3359
Let w = 55 - 52. Suppose w*j = 2*j - 75. Let h = 27 - j. List the prime factors of h.
2, 3, 17
Suppose 3*k - 3*v + 287 - 9185 = 0, 4*k + 2*v - 11870 = 0. List the prime factors of k.
3, 23, 43
Let n = -15002 - -98867. What are the prime factors of n?
3, 5, 5591
Let q(m) = -m**3 - 8*m**2 - 3*m - 104. Let h be q(-9). Let k(b) = 2 - 1 + 3*b + 12*b. List the prime factors of k(h).
61
Suppose o - 7577 = -2*q, -o + 125*q = 120*q - 7563. What are the prime factors of o?
7573
What are the prime factors of (-7 + 12735/(-36))*244/(-12)*4?
13, 37, 61
List the prime factors of (-16924)/2*3/(-2) + (10 - 10).
3, 4231
Let c(p) = -34*p**3 + 22*p**2 + 2. List the prime factors of c(-6).
2, 13, 313
Suppose -n - 5351 + 29688 = i, 2*n = 5*i + 48702. List the prime factors of n.
101, 241
Let d = 7185 - -13021. What are the prime factors of d?
2, 10103
Let r(m) = -m**3 + 4*m**2 + 70*m + 10. List the prime factors of r(-15).
5, 647
Suppose -11*z - 8*z = 0. Suppose -4*m - 96 + 468 = z. What are the prime factors of m?
3, 31
Suppose -28*s + 167548 + 94364 = 0. List the prime factors of s.
2, 3, 1559
What are the prime factors of 10910 - (38/(-133) - ((-132)/21 - 1))?
10903
Suppose 97*c - 5*s - 66621 = 94*c, -2*c + 4*s = -44418. What are the prime factors of c?
3, 7, 151
Suppose 0*m = m - 44. Suppose 50*c + 1697 = 5897. Suppose -2*q = -c - m. List the prime factors of q.
2
Let j = -142 - -232. Suppose 2*w + 14 = j. List the prime factors of w.
2, 19
Let d(r) = 10*r**3 - 3*r**2 + 9*r + 1. Suppose -10*g + 2 = -9*g + l, -5*g - 2*l + 16 = 0. What are the prime factors of d(g)?
17, 37
Suppose 2*c - 4*c = -3372. Suppose 4*n - 7*n + c = 0. List the prime factors of n.
2, 281
Let b = -88 - -94. Let c be (-5 + 5)/(b/(-2)). Suppose c 